n g(-4) is divided by r?
1
Let f = 32 + -7. Suppose 0 = 3*b + 25 + 32. Let n = 28 + b. What is the remainder when f is divided by n?
7
Let p(u) = u**2 + u + 33. What is the remainder when p(0) is divided by (-1 + 5 - 11)*18/(-7)?
15
Suppose -14*w - 34 = -16*w. What is the remainder when 133 is divided by w?
14
Suppose 7 + 23 = -2*i. Let r = -16 + 23. Calculate the remainder when 92/5 - i/25 is divided by r.
5
Suppose -22*k + 8*k + 252 = 0. What is the remainder when 35 is divided by k?
17
Suppose 2*w - 30 = -3*w. Suppose 3*a = 0, -88 = -4*x + 5*a - 3*a. Calculate the remainder when x is divided by w.
4
Let f = 78 - 33. Let h = 73 - f. Calculate the remainder when 55 is divided by h.
27
Let l(k) = 6*k**2 - 6*k - 9. What is the remainder when l(-2) is divided by 14?
13
Let q = -849 - -19. Let z = -10 - -19. Calculate the remainder when (-2)/(-7) - q/35 is divided by z.
6
Let k = -15 - -22. Calculate the remainder when k is divided by 2.
1
Suppose 2*y - 14 = l, -3*y - 4*l = -y + 6. Calculate the remainder when 3/15 + (-39)/(-5) is divided by y.
3
Let f(g) = -g**3 + 8*g**2 - 5*g - 2. Let j be f(4). Suppose -2*i + 3*i - 11 = 0. What is the remainder when (-2 - 0)*j/(-4) is divided by i?
10
Let n(p) = -2*p. Let b be n(-1). Suppose -308 = -4*v - 2*f, -b*v - f + 150 = f. What is the remainder when v is divided by 27?
25
Suppose 0*j + j = 15. What is the remainder when j is divided by ((-3)/(-6))/(3 + 105/(-36))?
3
Let v(k) be the first derivative of k**4/4 - 2*k**3 + 5*k**2/2 + 6*k + 4. Let f = 4 - -7. What is the remainder when f is divided by v(5)?
5
Let c(o) = -17*o - 3. What is the remainder when c(-1) is divided by 8?
6
Suppose -10 - 50 = 6*l. Let h = l + 17. Calculate the remainder when 12 is divided by h.
5
Let f(a) = -9*a**3 + a. Calculate the remainder when f(-1) is divided by 6.
2
Suppose 0*p - 15 = -3*p. Let n(u) = u**2 + 4*u - 2. Let b be n(-5). What is the remainder when p is divided by 4 + (-5 + -1)/b?
1
Let s(j) = 14*j**2 + 2*j + 1. What is the remainder when (-2 + 63*-1)/(-1) is divided by s(1)?
14
Suppose -k + 59 = 2*x, -5*k + 326 = -4*x - 39. What is the remainder when k is divided by 37?
32
Let k = -1 - -3. Let x(g) = g - 4. What is the remainder when k is divided by x(5)?
0
Let v be 2*-1 - (2 - 9). Let u(z) = -3*z + 15. Let d be u(5). Suppose -4*x + 33 = -3*a, -v*x + a - 8 + 41 = d. Calculate the remainder when 21 is divided by x.
3
Let s(u) = 3*u**2 - 3*u - 4. Let m be 45/20 - (-1)/(-4). Suppose m*h - 6*h + 13 = 3*c, 5*c - h = 60. Calculate the remainder when s(4) is divided by c.
10
Let m = 26 - 23. Suppose 3*w - 310 = -5*j, 0*j - m*w = j - 50. Calculate the remainder when j is divided by 17.
14
Let b(k) = -k**3 + 5*k**2 - 4*k + 2. Suppose -2*w - w = -33. Calculate the remainder when w is divided by b(2).
5
Suppose 2*m + 65 = 7*m. What is the remainder when 24 is divided by m?
11
Let l = -100 + 143. Let v(t) = 10*t**3 + t. Calculate the remainder when l is divided by v(1).
10
Let b(s) = -s**3 + 11*s**2 - 12*s - 7. What is the remainder when b(9) is divided by 16?
15
Let a = 8 + -6. Suppose -22 = -a*j + 16. Calculate the remainder when j is divided by 6/(-15) - (-111)/15.
5
Let v(a) = -16*a**3 + a**2 - a - 1. What is the remainder when v(-1) is divided by 9?
8
Suppose -q + 4*q - 9 = 0. Let x = 8 - 3. Calculate the remainder when x is divided by (-2 - -1)/((-1)/q).
2
Suppose -2*s = 4*b - 32 - 14, 4*b - 40 = -4*s. Suppose 2*r = -z + 20, 4*z - 10 - 38 = -4*r. What is the remainder when b is divided by r?
5
Let u = 30 + 20. What is the remainder when u is divided by 17?
16
Let c = -10 - -12. Suppose x + c*x + u - 11 = 0, -2*x + 3*u + 22 = 0. Suppose -4*n = -48 - 8. Calculate the remainder when n is divided by x.
4
Let l = -36 - -72. Calculate the remainder when 2/(-5) + l/15 is divided by 4*(-1 + 6/4).
0
What is the remainder when 31 is divided by 174/15 - (-3)/(-5)?
9
Let j(o) = -o**3 + o**2. Let d(k) = -7*k**3 + 10*k**2 + 7*k + 2. Let t(a) = d(a) - 6*j(a). Calculate the remainder when 34 is divided by t(5).
10
Suppose 7*x - 3*x - 508 = 0. Suppose -4*w - 5*i - 23 = -x, -2*w = -5*i - 82. What is the remainder when w is divided by 16?
15
Let w(g) = g**2 + 2*g + 19. Let z = 42 + -25. Calculate the remainder when w(-8) is divided by z.
16
Let m(v) = -6*v - 65. Calculate the remainder when 54 is divided by m(-12).
5
Let h be 4 - 0 - 3*-1. Suppose -60 = -4*l + 4*b, 4*b = 5*l - h - 63. What is the remainder when 38 is divided by l?
8
Let g = -7 + 11. Calculate the remainder when 11 is divided by g.
3
Let h be (0 - -1)/(7/35). Suppose -f + 0 + 7 = 3*d, h*f = -5*d + 15. Let v(x) = -x**3 + 3*x**2 - 2*x + 3. Calculate the remainder when 4 is divided by v(d).
1
Let i = 195 + -185. What is the remainder when i is divided by 10?
0
Let u = -15 + 6. Let w(d) be the second derivative of d**5/20 + 5*d**4/6 + 3*d**3/2 + 6*d**2 - 15*d. What is the remainder when 23 is divided by w(u)?
11
Let m(a) = -a**2 + 14*a + 28. What is the remainder when 1*-1*(2 - 51) is divided by m(15)?
10
Let r(u) = 5*u**2 + 7*u. Calculate the remainder when 134 is divided by r(2).
32
Let p be 12/(-54) - (-2)/9. Let g = -2 - p. What is the remainder when 3*(-6)/9*g is divided by 3?
1
Suppose -5*n - 3*g + 63 = 0, 3*n - 5*g - 35 = 2*n. Suppose 0*h - 5*h - u = -44, 3*h = u + 28. Calculate the remainder when n is divided by h.
6
Let d(w) = w**3 + 3*w**2 - 2*w - 1. Suppose 5*q + 7 + 2 = 3*c, -c + 3*q + 7 = 0. Calculate the remainder when 26 is divided by d(c).
5
Suppose -3*x + 8*x = 80. Let z = 2 + 4. Suppose -235 = -z*s + s. Calculate the remainder when s is divided by x.
15
Let m(t) = -18*t - 3. What is the remainder when 72 is divided by m(-1)?
12
Suppose 0 = x - 3 - 70. What is the remainder when x is divided by 37?
36
Let u be 4/(-14) + (-37)/(-7). Suppose u*s - 31 = 24. What is the remainder when 20 is divided by s?
9
Let z be (-1)/(-2)*(-3 - -3). Suppose z = 4*x + 4, -3*a + 2*x = -0*a - 173. Let k = -40 + a. What is the remainder when k is divided by 9?
8
Suppose -6 = 3*q + 6. Let p = q + 13. What is the remainder when 15 is divided by p?
6
Let s = -2 - -22. Let r(m) = m**2 + 5*m - 3. Let g = -3 + -4. What is the remainder when s is divided by r(g)?
9
Suppose 2*q = 20*y - 19*y + 39, 2*q = -y + 33. What is the remainder when 40 is divided by q?
4
Suppose -2*q - 4 = 0, -4*c + 2*q = -35 - 41. Calculate the remainder when c is divided by -3*(7/(-3) + -1).
8
Suppose -3*z + n = -30, -z + 4*n = -5*z + 24. Let m = 2 + -16. Calculate the remainder when (-368)/m - (-6)/(-21) is divided by z.
8
Let f(u) = -u**2 - 6*u - 7. Let h be f(-5). What is the remainder when 135/6 + (-1)/h is divided by 6?
5
Suppose 16 = 3*d + 2*r, -5*d + r + 1 = -4. Suppose d*u = -3*u + 175. Let m(y) = -3*y - 3. Calculate the remainder when u is divided by m(-4).
8
Let h(t) = 2*t**2 + 5. Suppose -5*z = -0*z + 20. What is the remainder when h(z) is divided by 13?
11
Calculate the remainder when (318/(-10))/((-3)/10) is divided by 9.
7
Let y be 4/(-1) + -1 + 1. Let p(v) = -6*v**2 - v + 3. Let w(a) = -7*a**2 + 4. Let u(n) = 6*p(n) - 5*w(n). What is the remainder when 16 is divided by u(y)?
4
Let k = -68 - -41. Calculate the remainder when (-11)/(0 - (1 + 0)) is divided by (-12)/9*k/6.
5
Let a = 4 - -6. What is the remainder when 29 is divided by a?
9
Let m(i) = i**3 + 13*i**2 + 8*i + 7. Suppose 3*y = -3*g - 42, -3*g = 4*y + 18 + 36. What is the remainder when m(y) is divided by 19?
17
Suppose -2*m - 18 = -5*u + 1, 0 = -3*u + 5*m. Let p be 203/5 + 2/u. Let c = p - 25. Calculate the remainder when c is divided by 9.
7
Suppose 0*o = -3*o + 36. Let f be (5/(-3))/((-4)/o). Suppose f*u = 5 - 0. What is the remainder when 1 is divided by u?
0
Suppose 0 = 3*w - 5*m - 10, 5*m + 3 = 8. Let h(b) = 4*b**2 + 1. What is the remainder when h(-2) is divided by w?
2
Let g = -13 - -19. Suppose -15 - 7 = -2*m. Calculate the remainder when m is divided by g + 0*(0 - -1).
5
Calculate the remainder when -2*((-33)/6 - -4) is divided by 3.
0
Let c(w) = 2*w - 3. Let u be c(3). Suppose u*x = -3*q - 0*q + 39, -5*q + 71 = -x. Calculate the remainder when 351/(-36)*(-16)/6 is divided by q.
12
Suppose 126 - 15 = 3*j. What is the remainder when 147 is divided by j?
36
Let v(j) be the first derivative of -14*j**2 + 3. Calculate the remainder 